v)?
10
Let o be (-2)/4 - (-1648)/32. Let r be o + -48 - (1 + 1). Let f(k) = -24*k. Give f(r).
-24
Let z(o) = 92*o - 909. Let u be z(10). Let c(x) = 4*x**2 - 13*x - 2. Let r(q) = -5*q**2 + 13*q + 2. Let g(p) = -4*c(p) - 3*r(p). What is g(u)?
24
Suppose -8*j - 23 + 127 = 0. Suppose 0 = -2*i + j - 3. Let c(u) be the third derivative of u**4/24 - u**2. Give c(i).
5
Let h(u) = -5*u**2 + u + 57. Let z = 69 - 64. Let j(n) = 3*n**2 - n - 38. Let o(y) = z*h(y) + 8*j(y). Let k(a) be the first derivative of o(a). What is k(-4)?
5
Let n = 4242 + -4244. Let b(z) be the third derivative of -z**3/6 + 5*z**2. Let c(r) = -r + 2. Let i(w) = -10*b(w) - 6*c(w). Calculate i(n).
-14
Let i(s) = -s**3 - 5*s**2 + 2*s + 7. Let h(d) = d - 10. Let w be h(5). Let o be i(w). Let t(l) = 3*l. Let j(m) = 5*m - 1. Let r(a) = j(a) - 2*t(a). Give r(o).
2
Let h(y) = -y - 8. Let u(i) = -2. Let f be 5*((-4 - -5) + 1/(-5)). Let p(m) = f*u(m) - h(m). What is p(-1)?
-1
Let w(u) = 115*u**3 - u**2 - 3*u - 2. Let t(i) = 2*i**3 + 6*i**2 - 69*i - 245. Let l be t(-4). Calculate w(l).
-115
Let g(t) = 17*t**3 + 91*t**2 - 54*t + 26. Let w(c) = -8*c**3 - 43*c**2 + 24*c - 12. Let p(k) = 6*g(k) + 13*w(k). Calculate p(-6).
36
Let o(l) = -22 - 30 + 3*l**2 + 26*l + 3591*l**3 - 7184*l**3 + 3592*l**3. Calculate o(6).
-4
Let l(k) be the first derivative of k - k**2 + 2/3*k**3 - 3*k**4 + 109. Give l(1).
-11
Let c(w) = -w - 4. Let l(y) = -1. Let q(v) = -v**2 - 23*v - 5. Let k be q(-18). Let t = k - 78. Let o(u) = t*l(u) - 2*c(u). Determine o(-1).
-1
Let a = 12846 + -12850. Let i(s) = 2*s**2 + 10*s + 5. Calculate i(a).
-3
Let z(d) = -7*d**2 - 1 + 768*d**3 - 769*d**3 - 5 - 12*d. Calculate z(-5).
4
Let h = 11 + -8. Suppose -3*p - h = 0, -3 = -5*j + p + 3. Suppose u + 6 = j. Let s(l) = l**3 + 4*l**2 - 3*l. What is s(u)?
-10
Suppose 735*j - 732*j = g - 5, -2*j = 4*g - 6. Let o(x) be the second derivative of -31*x - x**3 - 1/2*x**g + 0 - 1/12*x**4. Calculate o(-4).
7
Let k(i) = -623*i**2 - 4 - 4 + 195*i**2 - 3*i + 214*i**2 + 216*i**2. Give k(7).
69
Let a(r) = -r**3 - 10*r**2 + 39*r + 71. Let f be a(4). Let x(s) = 4*s**2 - 8*s + 6. Give x(f).
18
Let l be (9 + -8 - 2) + (-6)/(-2). Let a be 4 - -14*(-1)/l. Let c(w) = -w**3 - w**2 + 3*w - 4. Calculate c(a).
5
Let p(c) be the third derivative of -7*c**5/120 - c**4/12 + 161*c**3/3 - 254*c**2. Let v(y) be the first derivative of p(y). What is v(2)?
-16
Let a(p) = 36*p - 76 - 15*p - 17*p - 7*p. Calculate a(-24).
-4
Let d be (-6 + 0/2)*(-1)/3. Suppose m = -d*y + 1, -2*m + 1 = -3*y - 4*m. Let z(b) = -y - 5 - 6 - b + 1. Give z(-8).
-5
Suppose -3385*q = 20571 - 261. Let i(a) be the third derivative of a**5/60 + a**4/3 + 11*a**3/6 + a**2. Give i(q).
-1
Let l(d) = 71*d**2 + 7 + 12*d**3 - 63*d**2 + 10*d**3 - 21*d**3 - 15. Determine l(-8).
-8
Let q(b) = 3*b**2 - 45*b - 35*b**2 + 1 + 2 - 61*b**2 + 4*b**2 + 2*b**3. What is q(45)?
3
Let l(h) = -h**2 - 6*h + 31. Let f be l(-9). Suppose -3*s - 1 = -2*s, f*s + 12 = a. Suppose a*w - 20 = 20. Let o(q) = -q**3 + 6*q**2 - 5*q + 2. Calculate o(w).
2
Let j(a) = -25*a**2 + 22*a + 12. Let i(s) = -46*s**2 + 39*s + 22. Let p(c) = 6*i(c) - 11*j(c). Calculate p(-4).
16
Let c(x) be the second derivative of -x**4/12 + 5*x**3/6 - 5*x**2/2 - x. Suppose 25*f = 5*k + 27*f + 6, k = -3*f - 35. Determine c(k).
-1
Let p(t) be the second derivative of 0 + 2*t**2 + 1/20*t**5 - 122*t - t**3 + 1/2*t**4. What is p(-7)?
-3
Let h(q) = 65*q**3 - 17*q**2 - 28*q - 29. Let f(i) = -28*i**3 + 9*i**2 + 13*i + 15. Let g(c) = 7*f(c) + 3*h(c). Calculate g(13).
-60
Let x(h) = -h**3 - 3*h**2 - 3*h + 5. Suppose -338*n + 298*n = -120. Determine x(n).
-58
Suppose -58 - 59 = -3*k + 3*s, 147 = 4*k + 5*s. Suppose -k = -4*r - 34. Let b(a) = 2*a**2 - a + 2. Determine b(r).
3
Let c(o) be the third derivative of 0*o + 29/60*o**5 + 19*o**2 + 1 + 0*o**3 - 1/24*o**4. Calculate c(1).
28
Let x(o) = -30 + o**2 - 1347*o + 690*o + 692*o. What is x(-36)?
6
Suppose -132 = -4*j + 3*q, 4*j - 5*q - 162 = -38. Suppose -38 = -j*o - 326. Let u(r) = -r**3 - 7*r**2 + 10*r + 7. Calculate u(o).
-9
Let t(y) = -y**2 + 6*y + 6. Let a be t(6). Let p(r) = -29*r - a*r**3 + 4*r**2 + 3*r**3 + 28*r + 2*r**3. Calculate p(3).
6
Let u(y) be the first derivative of -y**4/4 + 2*y**3 + y**2/2 + 3*y - 1. Suppose 7*l - 2751 + 2135 = 0. Let x be (-22)/l - 25/(-4). Give u(x).
9
Let r be (4 - 5 - 0)*(-2 - -6). Let j be 336/(-35) + r/10. Let b(k) = k**3 + 10*k**2 - 8. What is b(j)?
-8
Let c(s) = -s**3 - 4*s**2 + 28. Let p = -22407 - -22407. Calculate c(p).
28
Let q(t) = -494*t - 24. Let d(n) = -170*n - 8. Let h(o) = 29*d(o) - 10*q(o). Determine h(4).
48
Let n(w) be the first derivative of -59*w**3/3 + w**2 - w + 3711. Give n(1).
-58
Let q(i) = i**2 + 3*i - 4. Let j(a) = a. Let x(m) = -17*m + 11. Let f(c) = 3*j(c) + x(c). Let v be f(1). Give q(v).
-4
Let k be (8/(-16))/(1/(-6)). Suppose 7*i - 8 = k*i. Let w(u) = -u + i*u - 24 + 44 - 18. Calculate w(-8).
-6
Suppose 2*b = 293 + 101. Let q = 193 - b. Let f(a) = -a**2 - 7*a - 6. Calculate f(q).
6
Suppose -20*w + 128 = -12*w. Let x be (-6)/9*72/w. Let p(y) = -y**3 - y**2 + 1. Let d(s) = -s**3 + 2*s**2 + s - 2. Let n(o) = -d(o) + 2*p(o). Calculate n(x).
-2
Suppose 16 = 7*f - 5. Suppose f*r = 5*r - 22. Let t(i) = -r - 6*i + 10*i - 3*i. Give t(8).
-3
Let q(x) = x**2 + 12*x + 24. Suppose -2*p - 24 = 3*w, p + 14 = -2*p + w. Give q(p).
-12
Let v(z) = z**3 - 10*z**2 + 11*z + 44. Let w(b) = -b**3 + 43*b**2 + 46*b - 80. Let t be w(44). Calculate v(t).
4
Let q(l) = l + 13. Let g be (-76)/(-18) + -4 + (-1037)/(-153). Give q(g).
20
Let p(r) = r + 1. Suppose 0 + 8 = 4*a. Let m = 26 - 22. Suppose 4*i = a*z - 4, -m = -z + 2*i + i. Give p(z).
-1
Let i = 36 + -24. Suppose -i*c + 19*c + 42 = 0. Let y(j) = -j**2 - 3*j + 8. Calculate y(c).
-10
Let u(t) = -12*t**2 - 47*t**2 - 226*t + 67 + 253*t + 2*t**3. What is u(29)?
9
Let n(j) = j + 1. Let v(p) = 10*p + 5. Let b(t) = -3*n(t) + v(t). Let a(u) = u**3 - 88*u**2 - 1665*u - 20. Let x be a(-16). Give b(x).
-26
Let v(c) be the second derivative of -c**6/90 + 31*c**3/2 - c + 109. Let m(r) be the second derivative of v(r). Give m(2).
-16
Let b(r) be the third derivative of 3*r**5/5 - r**4/24 - r**3/6 - 13*r**2. Suppose 70 = 62*y - 132*y. What is b(y)?
36
Let s be -2 + (105 - -4) - (-2 - 2). Suppose 24*k + s + 81 = 0. Let t(o) = o**3 + 8*o**2 + 7. What is t(k)?
7
Let w(z) = 3*z - 118. Suppose 99*r = 614 + 3148. Give w(r).
-4
Let n(o) = 7*o**2 - 19*o + 15. Suppose 8*g + 65 = -5*g. Let c(x) = -4*x**2 + 10*x - 7. Let d(t) = g*c(t) - 3*n(t). Give d(6).
-4
Let m(s) = 8*s + 53. Let c(u) = -u**3 - 86*u**2 - 1447*u + 39. Let g be c(-23). What is m(g)?
-3
Let r(w) = w**2 - w + 2. Suppose 3*f = -75 - 15. Let c = f + 34. Suppose 5*n - 11 = c. Determine r(n).
8
Suppose -2*u - 10 - 18 = -14. Let f(b) = 4*b**3 + 4*b**2 + 3*b + 8. Let w(v) = v**3 - v**2. Let q(i) = -f(i) + 3*w(i). What is q(u)?
13
Let g(z) = -2*z - 22. Let j(f) = 8*f + 110. Suppose 32 + 133 = -15*l. Let d(a) = l*g(a) - 2*j(a). Calculate d(-4).
-2
Let z(a) = 5*a - 35. Let i be z(8). Suppose 12*j - 28 = i*j. Let t(x) = 0*x + 7 + 3*x + j*x - 6*x. Give t(-6).
1
Suppose 0 = -3*v + 5*h - 2, -5*v + 0 = 3*h + 26. Let u(j) = 4*j + 58. Determine u(v).
42
Let f(b) = -b**3 + 16*b**2 - 64*b + 4. Suppose 4*m + 37*m + 22*m - 441 = 0. Give f(m).
-3
Let x(c) = 6*c - 70. Let g(v) = 7*v - 79. Let k(s) = -5*g(s) + 6*x(s). Determine k(15).
-10
Let v(f) = -9*f - 15. Let x(p) be the second derivative of 11*p**3/6 + 17*p**2/2 - 5*p - 4. Let u(m) = 5*v(m) + 4*x(m). Let y = 9 + -19. What is u(y)?
3
Suppose -5*g + 24 = 24. Suppose 25*l - 43*l + 108 = g. Let j(d) = 2*d - 3. What is j(l)?
9
Suppose -110 = -88*t + 33*t. Let m(d) = 4*d**3 - 10*d**2 + 7*d - 5. Determine m(t).
1
Suppose 4*i = 24 + 4. Let z(b) = -2*b + 16. Let f be z(i). Let t(u) = -1 - 3 + 6*u + u**f + 5 + 6. Give t(-6).
7
Let o(z) = 2*z**2 - 95*z - 150. Let m(v) = -v**2 + 36*v + 60. Let s(h) = 12*m(h) + 5*o(h). Determine s(-21).
-9
Let z(n) = -11*n**3 + n**2 - 5*n + 7. Let h(w) = 5*w**3 + 2*w - 3. Let r be 45/6*(-26)/39. Let d(t) = r*h(t) - 2*z(t). Give d(-1).
2
Let q = -35 + 63. Let w(d) = -q - d - 43 + 61. Calculate w(-4).
-6
Let k(a) = -a**2 + 11*a + 16. Let n be k(12). Suppose 2 = n*m + 5*i + 4, 4*m + 4*i = 0. Let d(l) = 4*l. What is d(m)?
8
Let d = 152 + -14